{"id":557,"date":"2017-02-06T07:31:12","date_gmt":"2017-02-06T07:31:12","guid":{"rendered":"http:\/\/localhost\/finance\/?page_id=557"},"modified":"2020-07-24T11:03:35","modified_gmt":"2020-07-24T11:03:35","slug":"overview","status":"publish","type":"page","link":"https:\/\/www.ygz.com.tr\/?page_id=557","title":{"rendered":"Vizyonumuz"},"content":{"rendered":"<p>[vc_row][vc_column][vc_empty_space][\/vc_column][\/vc_row][vc_row][vc_column width=&#8221;1\/2&#8243;][vc_single_image image=&#8221;1719&#8243; img_size=&#8221;large&#8221;][\/vc_column][vc_column width=&#8221;1\/2&#8243;][vc_column_text]Faaliyet g\u00f6sterdi\u011fimiz sekt\u00f6rlerde her zaman yenilik\u00e7i,\u00f6nc\u00fc olmak birincil hedeflerimiz aras\u0131ndad\u0131r.<\/p>\n<p>\u00c7evreye ve sosyal sorumlulu\u011fa duyarl\u0131 olarak ilerlemek firmam\u0131z i\u00e7in \u00e7ok \u00f6nemlidir.[\/vc_column_text][\/vc_column][\/vc_row][vc_row][vc_column][vc_empty_space][\/vc_column][\/vc_row]<\/p>\n","protected":false},"excerpt":{"rendered":"<p>[vc_row][vc_column][vc_empty_space][\/vc_column][\/vc_row][vc_row][vc_column width=&#8221;1\/2&#8243;][vc_single_image image=&#8221;1719&#8243; img_size=&#8221;large&#8221;][\/vc_column][vc_column width=&#8221;1\/2&#8243;][vc_column_text]Faaliyet g\u00f6sterdi\u011fimiz sekt\u00f6rlerde her zaman yenilik\u00e7i,\u00f6nc\u00fc olmak birincil hedeflerimiz aras\u0131ndad\u0131r. \u00c7evreye ve sosyal sorumlulu\u011fa duyarl\u0131 olarak ilerlemek firmam\u0131z i\u00e7in \u00e7ok \u00f6nemlidir.[\/vc_column_text][\/vc_column][\/vc_row][vc_row][vc_column][vc_empty_space][\/vc_column][\/vc_row]<\/p>\n","protected":false},"author":1,"featured_media":0,"parent":515,"menu_order":0,"comment_status":"closed","ping_status":"closed","template":"tpl\/page_fullwidth.php","meta":{"footnotes":""},"_links":{"self":[{"href":"https:\/\/www.ygz.com.tr\/index.php?rest_route=\/wp\/v2\/pages\/557"}],"collection":[{"href":"https:\/\/www.ygz.com.tr\/index.php?rest_route=\/wp\/v2\/pages"}],"about":[{"href":"https:\/\/www.ygz.com.tr\/index.php?rest_route=\/wp\/v2\/types\/page"}],"author":[{"embeddable":true,"href":"https:\/\/www.ygz.com.tr\/index.php?rest_route=\/wp\/v2\/users\/1"}],"replies":[{"embeddable":true,"href":"https:\/\/www.ygz.com.tr\/index.php?rest_route=%2Fwp%2Fv2%2Fcomments&post=557"}],"version-history":[{"count":4,"href":"https:\/\/www.ygz.com.tr\/index.php?rest_route=\/wp\/v2\/pages\/557\/revisions"}],"predecessor-version":[{"id":1720,"href":"https:\/\/www.ygz.com.tr\/index.php?rest_route=\/wp\/v2\/pages\/557\/revisions\/1720"}],"up":[{"embeddable":true,"href":"https:\/\/www.ygz.com.tr\/index.php?rest_route=\/wp\/v2\/pages\/515"}],"wp:attachment":[{"href":"https:\/\/www.ygz.com.tr\/index.php?rest_route=%2Fwp%2Fv2%2Fmedia&parent=557"}],"curies":[{"name":"wp","href":"https:\/\/api.w.org\/{rel}","templated":true}]}}