{"id":1618,"date":"2020-07-17T13:48:54","date_gmt":"2020-07-17T13:48:54","guid":{"rendered":"http:\/\/www.ygz.com.tr\/?page_id=1618"},"modified":"2020-07-21T21:39:22","modified_gmt":"2020-07-21T21:39:22","slug":"hali-cesitleri","status":"publish","type":"page","link":"https:\/\/www.ygz.com.tr\/?page_id=1618","title":{"rendered":"Hal\u0131 \u00c7e\u015fitleri"},"content":{"rendered":"<p>[vc_row][vc_column][vc_empty_space][\/vc_column][\/vc_row][vc_row][vc_column width=&#8221;1\/4&#8243;][vc_single_image image=&#8221;1665&#8243; img_size=&#8221;full&#8221;][\/vc_column][vc_column width=&#8221;1\/4&#8243;][vc_single_image image=&#8221;1664&#8243; img_size=&#8221;full&#8221;][\/vc_column][vc_column width=&#8221;1\/4&#8243;][vc_single_image image=&#8221;1663&#8243; img_size=&#8221;full&#8221;][\/vc_column][vc_column width=&#8221;1\/4&#8243;][vc_single_image image=&#8221;1662&#8243; img_size=&#8221;full&#8221;][\/vc_column][\/vc_row][vc_row][vc_column][vc_empty_space][vc_column_text]Makina hal\u0131s\u0131 \u00fcretimi alan\u0131nda d\u00fcnya \u00f6nemli bir yere sahip olan Gaziantep\u2019teki hal\u0131 \u00fcreticisi firmalar\u0131n\u0131n \u00e7e\u015fitli desenlerdeki hal\u0131 \u00fcr\u00fcnlerini, \u00f6zellikle Ortado\u011fu pazar\u0131na ihracat\u0131n\u0131 ger\u00e7ekle\u015ftiren firma, hem \u00fcreticiye destek olmak hemde ihracat yaparak \u00fclke ekonomisine tekstil sekt\u00f6r\u00fcnde katk\u0131 sa\u011flamaktad\u0131r.<br \/>\nBa\u015fl\u0131ca ihracat yapt\u0131\u011f\u0131 \u00fclkeler: Suudi Arabistan, Irak, Suriye, M\u0131s\u0131r[\/vc_column_text][\/vc_column][\/vc_row][vc_row][vc_column][vc_empty_space][\/vc_column][\/vc_row]<\/p>\n","protected":false},"excerpt":{"rendered":"<p>[vc_row][vc_column][vc_empty_space][\/vc_column][\/vc_row][vc_row][vc_column width=&#8221;1\/4&#8243;][vc_single_image image=&#8221;1665&#8243; img_size=&#8221;full&#8221;][\/vc_column][vc_column width=&#8221;1\/4&#8243;][vc_single_image image=&#8221;1664&#8243; img_size=&#8221;full&#8221;][\/vc_column][vc_column width=&#8221;1\/4&#8243;][vc_single_image image=&#8221;1663&#8243; img_size=&#8221;full&#8221;][\/vc_column][vc_column width=&#8221;1\/4&#8243;][vc_single_image image=&#8221;1662&#8243; img_size=&#8221;full&#8221;][\/vc_column][\/vc_row][vc_row][vc_column][vc_empty_space][vc_column_text]Makina hal\u0131s\u0131 \u00fcretimi alan\u0131nda d\u00fcnya \u00f6nemli bir yere sahip olan Gaziantep\u2019teki hal\u0131 \u00fcreticisi firmalar\u0131n\u0131n \u00e7e\u015fitli desenlerdeki hal\u0131 \u00fcr\u00fcnlerini, \u00f6zellikle Ortado\u011fu pazar\u0131na ihracat\u0131n\u0131 ger\u00e7ekle\u015ftiren firma, hem \u00fcreticiye destek olmak hemde ihracat yaparak \u00fclke ekonomisine tekstil sekt\u00f6r\u00fcnde katk\u0131 sa\u011flamaktad\u0131r. Ba\u015fl\u0131ca ihracat [&hellip;]<\/p>\n","protected":false},"author":1,"featured_media":0,"parent":0,"menu_order":0,"comment_status":"closed","ping_status":"closed","template":"tpl\/page_fullwidth.php","meta":{"footnotes":""},"_links":{"self":[{"href":"https:\/\/www.ygz.com.tr\/index.php?rest_route=\/wp\/v2\/pages\/1618"}],"collection":[{"href":"https:\/\/www.ygz.com.tr\/index.php?rest_route=\/wp\/v2\/pages"}],"about":[{"href":"https:\/\/www.ygz.com.tr\/index.php?rest_route=\/wp\/v2\/types\/page"}],"author":[{"embeddable":true,"href":"https:\/\/www.ygz.com.tr\/index.php?rest_route=\/wp\/v2\/users\/1"}],"replies":[{"embeddable":true,"href":"https:\/\/www.ygz.com.tr\/index.php?rest_route=%2Fwp%2Fv2%2Fcomments&post=1618"}],"version-history":[{"count":8,"href":"https:\/\/www.ygz.com.tr\/index.php?rest_route=\/wp\/v2\/pages\/1618\/revisions"}],"predecessor-version":[{"id":1707,"href":"https:\/\/www.ygz.com.tr\/index.php?rest_route=\/wp\/v2\/pages\/1618\/revisions\/1707"}],"wp:attachment":[{"href":"https:\/\/www.ygz.com.tr\/index.php?rest_route=%2Fwp%2Fv2%2Fmedia&parent=1618"}],"curies":[{"name":"wp","href":"https:\/\/api.w.org\/{rel}","templated":true}]}}